prime factors of a(-8).
43
Suppose -3*y + 101 = 116, -3*y = -5*o + 214990. List the prime factors of o.
5, 8599
Suppose -389*s + 342*s = -203980. List the prime factors of s.
2, 5, 7, 31
Let b be (-801)/27 + 1/(-3). Let w = -30 - b. Suppose w = -2*a + 4, -y - 4*a = -2*y + 91. List the prime factors of y.
3, 11
Suppose -l + 3*n = -3*l + 12, -4*l - 2*n = -32. Let o(y) = -3*y**3 + 8 + y + y**3 - y**2 + l*y - y**2. List the prime factors of o(-4).
2
Suppose -80*n - 83*n + 34*n + 592368 = 0. List the prime factors of n.
2, 7, 41
Let p(i) = -22*i**3 + 13*i**2 + 56*i + 511. List the prime factors of p(-9).
2, 83, 103
Let x = -450 + 454. Suppose -24*g + x*u = -22*g - 228, g + 2*u = 134. What are the prime factors of g?
2, 31
Suppose -c - 6*x - 269 = -2*x, -5*x = -5*c - 1295. Let y = 733 - c. List the prime factors of y.
2, 7, 71
Let w(c) = 20*c**2 + 4*c + 7. Let i(q) = -61*q**2 - 11*q - 20. Let s(d) = -3*i(d) - 8*w(d). Let r be s(5). What are the prime factors of 1/((4 - 3) + (-580)/r)?
2, 73
Suppose -5*o - 55 = 105. Let f be (8/10)/(o/1360). Let y = -14 - f. What are the prime factors of y?
2, 5
Let l = -1582 - -1575. Let y(o) be the third derivative of o**5/60 + o**4/6 + o**3/3 - o**2. List the prime factors of y(l).
23
List the prime factors of (-2 + 173)*((-1)/(-4))/(33/2156).
3, 7, 19
Suppose -33*f = 14519 - 63920. What are the prime factors of f?
3, 499
Suppose -3*v = 2*w - 1188, -5*v - 3*w + 1979 = -0*w. Let r = -51 + v. List the prime factors of r.
7
Let o = -2 + 5. Suppose -2*b + 15 = o*b. What are the prime factors of (18 - -86)*(b/2 - 1)?
2, 13
List the prime factors of 37 + 17339 + (-7 - 8/2).
5, 23, 151
Suppose -21 = -4*i - 2*o + 3, -i = -2*o + 4. Suppose 4*q = -4*g + 1112, 0*q + 2*q = -i*g + 554. Let t = -194 + q. List the prime factors of t.
5, 17
Let k be ((-6)/6 - (-441)/6)*10. Let b = k - 2. What are the prime factors of b?
3, 241
Let w be -12 - -14 - (-2*9)/(-1). Let a = w + 12. Let h = -2 - a. What are the prime factors of h?
2
Let f = 105 - -5064. List the prime factors of f.
3, 1723
Suppose -10*n + 4 = -8*n. Let h = 4 - n. Suppose 4*w - 2*w - 50 = -h*c, 82 = 4*c - 5*w. List the prime factors of c.
23
Let r(c) = -38*c**3 - 10*c**2 - 78*c - 173. List the prime factors of r(-5).
53, 89
Suppose 0 = 4*i + 915 - 19427. What are the prime factors of i?
2, 13, 89
Suppose -t = 1 - 5, 0 = 4*c + 2*t - 7036. List the prime factors of c.
7, 251
Suppose -2513161 = -56*s - 1186399 + 2085430. What are the prime factors of s?
2, 15233
Suppose n = -2*v + 22, 10*n - 15*n = 5*v - 100. What are the prime factors of -9 + n/3 - -274?
271
Suppose -5*m - 15*m + 0*m + 416840 = 0. List the prime factors of m.
2, 17, 613
Let f be (105/(-10))/(-3) - (-9)/(-18). Suppose -2*g - 13*p + 2407 = -16*p, -f*g + p + 3600 = 0. What are the prime factors of g?
11, 109
Suppose -3*k + 3*j = -2*k - 84, 3*k - 5*j - 256 = 0. Let d = k - 127. Let x = 18 - d. List the prime factors of x.
2, 29
Let m(k) = 52*k**2 + 227*k + 2144. List the prime factors of m(-10).
2, 43, 59
Let p be (51/(-9))/(7/(-189)). Suppose 156*h - 6 = p*h. Suppose -4*o - 4*y = -656, h*o + 0*y + 3*y = 327. What are the prime factors of o?
3, 5, 11
List the prime factors of (-9)/(((-54)/(-56828))/(-9)).
2, 3, 14207
Suppose -28*s - 4250 = -38*s. Let r = s - -59. What are the prime factors of r?
2, 11
Let l = -29588 + 110490. What are the prime factors of l?
2, 19, 2129
Let k(x) = -x**3 + 32*x**2 - 76*x + 50. Let j(l) = l**3 + 9*l**2 + 12*l - 9. Let c be j(-6). What are the prime factors of k(c)?
31, 53
Let j = 1786 + -1046. Suppose 5*h - j = 5*n, n + 138 = h + 5*n. List the prime factors of h.
2, 73
What are the prime factors of (75382/10 - (-135)/(-675))*2?
2, 3769
Let f be 10*18/45 + 2614. Suppose -9*j = -2*j - f. List the prime factors of j.
2, 11, 17
Let s(t) = t + 1. Let r be s(6). Suppose -4*x - r = -19. Suppose -x*c = -3*n - n + 506, -3*n = c - 386. What are the prime factors of n?
2
Let q = -206 + 28. Let p = q + 192. What are the prime factors of p?
2, 7
Let v(z) = -z**2 - 6*z + 76. Let a be v(6). Suppose -4 = -0*h + a*h, 5*g - 4*h = 2334. List the prime factors of g.
2, 233
What are the prime factors of (336/9 + -6)*282?
2, 47
Let l = -1343 - -1343. Suppose 1 = a - 2. Suppose l*r = 4*r + 2*o - 674, 0 = a*r - o - 498. What are the prime factors of r?
167
Let v(d) be the second derivative of d**3/6 + 69*d**2 - 32*d + 1. List the prime factors of v(-8).
2, 5, 13
Suppose -1396460 = -169*g + 5*g. What are the prime factors of g?
5, 13, 131
Suppose -9*r + x - 6394 = -10*r, -2*r = -4*x - 12782. List the prime factors of r.
3, 2131
Suppose 0 = 3*o + 237 - 48. Suppose -3*n = 79 + 26. Let d = n - o. List the prime factors of d.
2, 7
Suppose 1450 - 62 = -2*x + 2*n, -5*x + n - 3482 = 0. Let m = -284 - x. What are the prime factors of m/21 - (-4)/3?
3, 7
Suppose a - 94 = -167*l + 166*l, 3*l = -a + 292. List the prime factors of l.
3, 11
Let u(o) be the second derivative of 7*o**3/6 + 29*o**2/2 + 2*o. Let w be 1*(9 - 0) + 3/(-3). List the prime factors of u(w).
5, 17
Suppose -6*x + 10*x - 52 = 0. Suppose -k + 956 = 8*m - x*m, -4*m + 4780 = 5*k. List the prime factors of k.
2, 239
Let o(b) = 578*b + 7400. What are the prime factors of o(46)?
2, 29, 293
Suppose -322*j + 319*j = 0. Suppose 5*o - 2680 - 4150 = j. What are the prime factors of o?
2, 683
Let i be 0 + (-4)/(4/(-1))*1. Let f be (9/18)/(i/(-2) + 1). Let y(w) = 6*w**3 - 2*w**2 + 2*w - 1. What are the prime factors of y(f)?
5
Let l(t) = 5 - 303*t + 8 + 32 - 2 + 113*t. What are the prime factors of l(-6)?
7, 13
Suppose 116*h + 13516449 = 509*h. What are the prime factors of h?
163, 211
Let j = 199 - 194. Suppose j*r - 304 = -2*v, 17*r - 20*r + 296 = 2*v. What are the prime factors of v?
2, 71
Suppose 105 + 65 = 5*g. Let f = 156 - g. List the prime factors of f.
2, 61
Suppose -160*x + 188*x = 3332. Let g(y) = 3*y**3 + y**2 - 3*y - 1. Let c be g(4). Let s = c - x. List the prime factors of s.
2, 19
Let v = 838 - 386. Let p = v - -104. What are the prime factors of p?
2, 139
Let d(s) be the first derivative of 23*s**2/2 - 7*s + 9. Let c = 3 - 0. List the prime factors of d(c).
2, 31
Suppose -2*c - 4*v = 8, -4*v + v - 8 = 2*c. Let f(m) = -5*m**3 + 9*m**2 - 6*m - 2. What are the prime factors of f(c)?
2, 3
Let g(w) be the second derivative of 5*w**3/6 + 3*w**2 - 16*w. Let n be g(2). List the prime factors of (1 - -12) + n + -13.
2
Let m(b) = b - 16. Let h be m(8). Let a = 127 + h. Suppose a = 12*x - 553. List the prime factors of x.
2, 7
Let s(a) = -727*a**3 - 3*a**2 + 5*a - 7. Let x(r) = 363*r**3 + 2*r**2 - 2*r + 3. Let y(o) = -2*s(o) - 5*x(o). List the prime factors of y(-1).
2, 89
Let j(p) = -12*p - 35. Let t(n) = 13*n + 35. Let k(c) = -7*j(c) - 6*t(c). List the prime factors of k(21).
7, 23
Let u(h) = -2*h**2 - 9*h + 2647. List the prime factors of u(0).
2647
Let y = -4403 - -10458. What are the prime factors of y?
5, 7, 173
Suppose 66*p = 73*p - 448. What are the prime factors of (0 - -820) + (-8)/(p/40)?
5, 163
Let n(o) = 81*o**2 - 57*o + 389. List the prime factors of n(10).
7919
Suppose -4*t = 4*v + v - 38, t - 20 = 4*v. Suppose 4*u = 7*u - t. Suppose -u*x + 12*x - 720 = 0. What are the prime factors of x?
2, 3, 5
Let t = -1545 + 10322. List the prime factors of t.
67, 131
Let j(p) = 47*p**2 + 49*p + 1189. What are the prime factors of j(-15)?
41, 269
Suppose 0 = 13*x + 15*x + 224. List the prime factors of 1*(-7 - -4 - x - -662).
23, 29
Let t = 649 + -1072. Let m = t - -889. List the prime factors of m.
2, 233
Suppose -6*m + 10 = -2. Let v be (0 - 228/3)/(m/(-10)). Suppose -a = 3*a + 3*o - 304, -5*a + v = 4*o. List the prime factors of a.
2, 19
Let v(z) = z**2 + 13*z + 22. Let b be v(-11). Suppose b = 4*i - 286 - 1162. What are the prime factors of i?
2, 181
Suppose -23*m = 20*m + 37*m - 155120. What are the prime factors of m?
7, 277
Suppose 5 = 4*s - 15. Suppose 180 = -2*k + s*k. Suppose 0 = z + 1, i = -3*i - 4*z + k. List the prime factors of i.
2
Let n = -87 - -92. Suppose -w + 1560 = n*w. Suppose -r + 653 = 4*c, 5*r - 413 = -4*c + w. List the prime factors of c.
2, 3
Let f(j) = -j + 18. Let s be f(2). Suppose 0 = -4*w + s, 4*w + 126 = 2*u - 676. Let a = 582 - u. What are the prime factors of a?
173
Let t(x) = x**3 - 6*x**2 - 6*x + 13. Let l be 